15 (base 9) to base 11
-a2523
931386 (base 11) to base 3
2210221222200
-59a1172 (base 12) to base 9
-35627115
Convert -2001402 (base 5) to base 4.
-13223311
143221012 (base 5) to base 16
b8f80
23112322 (base 5) to base 4
302211230
What is 12bd2ca (base 14) in base 16?
8a4e42
What is -22000010110 (base 3) in base 9?
-260113
Convert 11120210212121 (base 3) to base 10.
2436955
What is -163043045 (base 7) in base 9?
-22741655
316a32 (base 14) to base 8
6276324
Convert -1302532 (base 6) to base 13.
-261b0
-1032103 (base 6) to base 16
-c747
Convert -22064242 (base 7) to base 2.
-111001111011100110010
2021210110 (base 3) to base 4
22333320
-1001010100000110100011101 (base 2) to base 3
-1100202101100121
Convert 6165553 (base 7) to base 6.
23501441
What is -619729 (base 11) in base 13?
-28a466
Convert 10b8499 (base 14) to base 11.
45577a5
What is 1121111001120 (base 3) in base 12?
353380
What is -209da (base 15) in base 3?
-12020221121
What is -53edcb (base 15) in base 10?
-3999116
What is 136642 (base 7) in base 11?
18913
Convert -202151 (base 8) to base 11.
-460a5
What is -7ef7 (base 16) in base 6?
-410251
What is -1011212210010 (base 3) in base 5?
-130040020
What is -41536 (base 10) in base 9?
-62871
11110000110001100 (base 2) to base 16
1e18c
Convert -32335254 (base 7) to base 4.
-22203021123
421339 (base 13) to base 7
16063336
1011011010100001001000 (base 2) to base 6
144044440
Convert 3311122220 (base 4) to base 14.
1c249a
What is -4ba705 (base 12) in base 10?
-1241717
-1025613 (base 8) to base 5
-32221131
-22401336 (base 7) to base 2
-111011100000110110001
Convert -1011000111111011 (base 2) to base 5.
-2424223
Convert -1002120201012 (base 3) to base 11.
-368508
-5653406 (base 8) to base 12
-619232
Convert -1650307 (base 8) to base 16.
-750c7
-3600235 (base 7) to base 16
-6ed19
Convert -2211012002120 (base 3) to base 12.
-603a06
What is 1a8597 (base 11) in base 5?
40200240
Convert -216273 (base 11) to base 12.
-147823
What is 100012022221 (base 3) in base 15?
3898d
Convert 32cb9 (base 14) to base 6.
2350335
Convert -112003123300 (base 4) to base 14.
-aa6c12
111111100000010010 (base 2) to base 4
333200102
Convert -300404 (base 9) to base 4.
-223111003
Convert -100100101001111010 (base 2) to base 12.
-72a76
3002252 (base 6) to base 9
233655
What is -12c000 (base 15) in base 2?
-11011100000000000101
202122201220011 (base 3) to base 12
3814b7a
116878 (base 9) to base 15
15e38
Convert 10867773 (base 10) to base 3.
202110010210010
279083 (base 14) to base 3
2120120102110
What is -2201584 (base 9) in base 10?
-1182190
-1cb0040 (base 14) to base 16
-dbd1a8
Convert -11011011100110110111 (base 2) to base 8.
-3334667
What is -22207b (base 12) in base 8?
-2043737
Convert -7595b (base 12) to base 3.
-21212211122
-b3868 (base 13) to base 15
-65700
What is 104220341 (base 7) in base 15?
83de5e
452121 (base 9) to base 8
1020337
Convert a48b1 (base 15) to base 4.
1333113310
-1256310 (base 7) to base 12
-7b920
2145325 (base 6) to base 7
625226
1001101100100111 (base 2) to base 7
223541
100217a (base 11) to base 15
250b56
-13a74 (base 13) to base 8
-110111
What is 1665465 (base 7) in base 2?
111001010101100111
What is 200115443 (base 6) in base 16?
336a53
What is 2014121 (base 5) in base 14?
bb51
Convert 2466571 (base 8) to base 2.
10100110110101111001
What is 11011110011011000101 (base 2) in base 5?
213123140
8605 (base 15) to base 7
145445
Convert 627024 (base 10) to base 13.
18c528
What is 673675 (base 9) in base 14?
a6bd0
What is 1545475 (base 8) in base 16?
6cb3d
Convert 28721 (base 10) to base 8.
70061
What is 100011100011000101100 (base 2) in base 14?
224712
What is 1625311 (base 8) in base 12?
1a79a1
What is -320134 (base 6) in base 12?
-1304a
Convert 287565 (base 10) to base 2.
1000110001101001101
What is 35c945 (base 13) in base 4?
10321220102
-120202201111201 (base 3) to base 16
-7fdc68
-220112102 (base 3) to base 4
-10113131
Convert 26c0a (base 13) to base 11.
4a396
What is -53ce (base 15) in base 11?
-12371
What is -10263b (base 14) in base 8?
-2047435
ca2c2 (base 14) to base 13
14175c
215836 (base 9) to base 3
20112221020
What is -335240450 (base 6) in base 5?
-3032222341
332501200 (base 6) to base 3
102022101201200
399015 (base 13) to base 10
1390719
Convert 18119 (base 14) to base 10.
60587
What is -9707 (base 14) in base 2?
-110010111011011
What is 1c6f70 (base 16) in base 8?
7067560
What is -4241000 (base 5) in base 9?
-117815
320412442 (base 5) to base 15
1b77b7
34012034 (base 5) to base 15
5d364
Convert -10505150 (base 7) to base 14.
-199597
Convert 1324114432 (base 6) to base 13.
3399bba
-22150 (base 13) to base 11
-42437
What is -916789 (base 11) in base 4?
-11213220012
What is -133ba56 (base 12) in base 15?
-50566c
What is -1020122302 (base 4) in base 6?
-10205134
What is 352466 (base 8) in base 13?
4289b
-130421 (base 10) to base 15
-2899b
What is -54301400 (base 6) in base 2?
-110001001000100001000
Convert 2015352 (base 9) to base 11.
673499
-1114979 (base 10) to base 5
-241134404
What is -2769299 (base 11) in base 7?
-55356420
Convert -1100211202201 (base 3) to base 2.
-10110001000011000001
36203036 (base 8) to base 15
a6a0b7
Convert 167415 (base 10) to base 8.
506767
2087f (base 16) to base 8
404177
What is -324d3 (base 16) in base 2?
-110010010011010011
1a79210 (base 12) to base 8
25376354
Convert 11462322 (base 7) to base 10.
1023675
359576 (base 12) to base 6
30323430
Convert 1467142 (base 9) to base 4.
3012103001
1434314333 (base 5) to base 15
507b7d
114502455 (base 6) to base 11
1263140
Convert -1336153 (base 8) to base 6.
-12020203
What is 1105eb (base 16) in base 15?
170852
What is 110000001010001000100101 (base 2) in base 6?
1130330221
What is -2376349 (base 11) in base 3?
-21210012010022
What is -102310202 (base 5) in base 10?
-431927
Convert -7401 (base 15) to base 6.
-305314
Convert c05f1 (base 16) to base 9.
1430773
What is -22735067 (base 8) in base 2?
-10010111011101000110111
Convert -1827003 (base 9) to base 10.
-1022061
Convert -252706 (base 9) to base 14.
-3da3c
100101200222 (base 4) to base 6
231234042
-2538b4 (base 12) to base 5
-123422231
What is -1527e (base 15) in base 3?
-10110101002
What is 87744a (base 13) in base 5?
1303431023
251034252 (base 6) to base 13
cc5708
What is -18b929 (base 14) in base 5?
-211032022
What is -1110111101100011 (base 2) in base 5?
-3430113
Convert 11112010122 (base 3) to base 16.
15bcc
What is 773bd6 (base 15) in base 3?
101200201100010
What is 114515123 (base 6) in base 3?
11010010122220
What is -273b6aa (base 12) in base 13?
-17cc626
-186234 (base 13) to base 6
-21051320
What is -7a6379 (base 11) in base 13?
-35b7cc
Convert -1e4791 (base 15) to base 8.
-5521110
What is 1124799 (base 14) in base 12?
289436b
What is -412231525 (base 6) in base 15?
-9571e5
-16113 (base 8) to base 16
-1c4b
What is -5b855 (base 15) in base 3?
-112211201122
-44094b (base 15) to base 14
-605744
Convert 14974d (base 14) to base 8.
2571471
-15295b (base 16) to base 7
-14534163
1160104 (base 7) to base 4
210112303
Convert -d2b89 (base 15) to base 6.
-22150103
Convert -10335434 (base 6) to base 12.
-12a57a
-87032 (base 13) to base 5
-30301113
-13041054 (base 7) to base 11
-740465
Convert 46b69 (base 16) to base 11.
188680
279b581 (base 13) to base 6
1124355351
Convert -1a763b7 (base 13) to base 5.
-4220103010
What is -30122020 (base 7) in base 10?
-2492938
Convert -61397 (base 13) to base 15.
-3692e
-15895f (base 16) to base 10
-1411423
What is -4333330 (base 6) in base 4?
-310121112
-3332575 (base 8) to base 6
-31131221
-3b2390 (base 12) to base 8
-3567234
What is 435111 (base 7) in base 6?
1344443
-242463 (base 10) to base 13
-86490
What is -22023302222 (base 4) in base 15?
-37b078
What is -101003212132 (base 4) in base 13?
-c071a4
What is -10001110100000101100 (base 2) in base 10?
-583724
Convert -473250 (base 9) to base 6.
-10033113
-102054 (base 10) to base 15
-20389
Convert 10611434 (base 8) to base 3.
11022210011021
8b55b (base 12) to base 15
3a042
Convert 3b26cd (base 14) to base 16.
1f2c0d
133303052 (base 6) to base 7
31544216
What is -55500 (base 6) in base 12?
-4590
Convert 24432311 (base 5) to base 12.
b3128
Convert -1c7779 (base 13) to base 16.
-b263f
What is 22023400 (base 5) in base 9?
317510
C